 (-12)/18 - (-6)/9. Suppose -4*r + 1185 - 373 = f. What are the prime factors of r?
7, 29
Let l = -368 + 520. Let z = 2 - l. Let v = -81 - z. List the prime factors of v.
3, 23
Let h be (14/(-21))/((-2)/(-15)). Let c(v) = -4*v - 9. Let j be c(h). Suppose b = f + 5, f + j = 2*b + 2. What are the prime factors of b?
2
Suppose -2*q + 8*q = 720. Suppose 269 = 3*o - 2*f, -5*o + 324 = f - q. List the prime factors of o.
89
Let b(f) = -f**2 + 7*f + 13. Let q be b(8). Suppose s = 2*k - 6, 0 = q*k - s - 9 - 9. What are the prime factors of (0 - (1 - k)) + 25?
2, 7
Let f(t) = t**3 - 21*t**2 + 10*t - 48. What are the prime factors of f(21)?
2, 3
Let x = 26 - 24. What are the prime factors of x*(-1 + (-237)/(-6))?
7, 11
Suppose -9*z + 10*z - 4 = 0. Suppose -z*k + 2*p + 940 = 0, 3*p = k + 5*p - 230. What are the prime factors of k?
2, 3, 13
Suppose 0 = -2*z - 2*n, 2*n + 14 = 5*z - 14. Let p be 1/z + (-186)/(-24). Suppose -p + 86 = 3*t. What are the prime factors of t?
2, 13
Let y be 4/(-8)*16*-41. Let w = -206 + y. Suppose 4*x = 3*c - w, -x = -5*c - 4*x + 155. What are the prime factors of c?
2, 17
Suppose -5*h + 8 = -h. What are the prime factors of 101 + 3 + -1 - h/2?
2, 3, 17
Suppose 0 = -2*f, -f = -5*s - 2*f + 205. Let u = -34 + s. List the prime factors of u.
7
Suppose -10*l - 10368 = -16*l. List the prime factors of l.
2, 3
Let l = 18 - 11. Let f = l + 25. What are the prime factors of f?
2
What are the prime factors of 588 + (1 - 3) + -3?
11, 53
Let q = -22 + 12. Let b = 56 + -39. List the prime factors of q/(-20) + b/2.
3
Let x(g) = 7*g**2 + 22*g + 1 - 24*g + 3*g**2. List the prime factors of x(1).
3
Let g be ((-28)/10)/(3/90). Let y = -52 - g. What are the prime factors of y?
2
Let u = -6114 + 8728. What are the prime factors of u?
2, 1307
Let d = 20 + -20. Suppose d*y + 156 = 6*y. What are the prime factors of y?
2, 13
Suppose 0 = -i + 3*q + 113, 0 = -10*i + 6*i - 2*q + 466. What are the prime factors of i?
2, 29
Suppose 2403 = 2*c - 4009. List the prime factors of c.
2, 7, 229
Let m = 799 - 604. What are the prime factors of m?
3, 5, 13
Let t = -48 - -50. Suppose -t*v - 2*v = -40. List the prime factors of v.
2, 5
Suppose -r = 31 - 3. Let b be r/6*18/(-7). Let c = b + -3. List the prime factors of c.
3
Let k be 38/8 - (-3)/(-4). Suppose 125 = s + k*s. Let i = s - 15. List the prime factors of i.
2, 5
Let d(s) = 40*s**2 - 13*s + 42. What are the prime factors of d(4)?
2, 3, 5, 7
Let z = 19 - 16. What are the prime factors of 2/z*84 + -2?
2, 3
Let w(j) = 3*j**2 - 23*j + 31. Let y(n) = -2*n**2 + 12*n - 16. Let t(k) = -3*w(k) - 5*y(k). List the prime factors of t(-12).
23
Let t = -368 + 229. Let k = -78 - t. List the prime factors of -1*(-1 - 0 - k).
2, 31
Suppose 4*r - 2*a - 659 = 649, 0 = -4*a - 8. Suppose 10*q = 8*q + r. List the prime factors of q.
163
Suppose -4*f = -35 + 7. Suppose -3*l + 2*t = 4, 3*l + 3*t - f = 8*l. What are the prime factors of (76/(-2))/l + 2?
3, 7
Let s(t) = t**2 - 5*t + 3. Let q be s(3). Let f be 577 + (q/1)/3. List the prime factors of 3/(-7) - f/(-21).
3
Suppose 0 = 3*n - 5*b + 43, 46 + 25 = -3*n - 2*b. Let k be (2/5)/(n/(-210)). Suppose k*m - 16 = -0*m. What are the prime factors of m?
2
Let s(f) = -f + 1. Let n(g) = -8*g + 11. Let c(w) = n(w) - 4*s(w). What are the prime factors of c(-3)?
19
Let t(m) = m**3 - 12*m**2 + 2*m - 7. Suppose -2*k - 3*q - 12 = -4*k, 0 = k - q - 8. What are the prime factors of t(k)?
17
Suppose -2*m - 2*b + 12 = -6*b, 4*b + 8 = m. Suppose m*z + 6 = 14. Suppose 39 = z*p - 27. What are the prime factors of p?
3, 11
Let x be (-14)/35 - 1544/(-10). Let a = x + -79. List the prime factors of a.
3, 5
Suppose -4*i = i - 15. Suppose -2*z = i*z - 25, 2*j - 5*z = 55. List the prime factors of j.
2, 5
Suppose 315 = 7*w - 476. List the prime factors of w.
113
Suppose 0 = 2*k - 5*c - 70, -4*c - 15 = 1. What are the prime factors of k?
5
Suppose -18*s = -7942 - 38138. List the prime factors of s.
2, 5
Let a = 282 - 55. List the prime factors of a.
227
Suppose 6*k - 29729 = -6329. What are the prime factors of k?
2, 3, 5, 13
What are the prime factors of (375/(-6))/((-6)/12)?
5
Suppose -a - 2 = 0, 4*u = -a + 10347 + 1243. What are the prime factors of u?
2, 3, 7, 23
Let f be (-3)/(4/(-18 + -2)). Suppose -3*i = -174 - f. What are the prime factors of i?
3, 7
Let u(z) = -58*z + 3. What are the prime factors of u(-2)?
7, 17
Let q = -57 + 55. Let h(o) = -229*o**2 - o. Let y be h(-1). What are the prime factors of y/(-12) - (q - 0)?
3, 7
Let h be (6/9)/(56/(-12) + 4). List the prime factors of 26 + (1 - h/(-1)) + 1.
3
What are the prime factors of -5 - -1222 - (10 + -7)?
2, 607
Let v(g) = -g**3 - 10*g**2 - g - 5. Let h be v(-10). Let r = 22 - h. What are the prime factors of r?
17
Suppose 5*o - 12200 = 26*k - 22*k, -2*o = 3*k - 4880. What are the prime factors of o?
2, 5, 61
Suppose -22*s - 23733 = -76071. List the prime factors of s.
3, 13, 61
Let c = 2060 + 1684. Suppose 9*f - c = -3*f. List the prime factors of f.
2, 3, 13
Suppose z = d + 14, -3*z - 47 = 3*d - 5*z. Let p be -1*(-2)/(-2)*d. Let t = 3 + p. List the prime factors of t.
2, 11
Let q = 8561 + -4929. List the prime factors of q.
2, 227
Suppose -4*p + 5*j + 0 = 23, -j - 8 = p. Let g(v) = -9*v - 25. What are the prime factors of g(p)?
2, 19
Suppose 0 = -16*l + 14493 + 4403. List the prime factors of l.
1181
Let n = -946 + 1353. What are the prime factors of n?
11, 37
Let q be 256/(-3)*3*-1. Suppose 0 = 6*k - 344 - q. List the prime factors of k.
2, 5
Suppose 0*y + y = 2. Let a(j) = 14*j - 9*j**2 + 2*j**3 - 3*j**3 + 19*j**y - 7. What are the prime factors of a(11)?
2, 13
Let g(d) = 52*d + 42. List the prime factors of g(11).
2, 307
Let z be (-5 - -17)*(-2)/4. Let l be z/15*(-1 + -4). What are the prime factors of 260/12 + l/6?
2, 11
Let d(t) = -13*t - 13 - 14*t + 17*t. What are the prime factors of d(-7)?
3, 19
Let t(y) = y**3 + 52*y**2 - 59*y + 49. List the prime factors of t(-53).
367
Suppose -15*m + 4620 = -7590. List the prime factors of m.
2, 11, 37
Suppose 0 = -4*l - 5*v + 644, 5*l - 13*v + 15*v - 805 = 0. What are the prime factors of l?
7, 23
Let x = -16 + 21. Suppose -4*m - y + 391 = 0, 2*m + 111 - 284 = -x*y. List the prime factors of m.
3, 11
Let d be (525/14)/5 - 3/2. Let z = -27 - -53. Let h = d + z. What are the prime factors of h?
2
Suppose -8*t + 3025 = -4*t - x, -x = 3*t - 2274. List the prime factors of t.
757
Let h be (-3 - -10)/1 - 0. Suppose 0 = -5*d - 3*s - 7 + 26, h = d - s. Suppose -33 = -d*m + 2. List the prime factors of m.
7
Suppose 3*x - 5*w + 3 + 1 = 0, 0 = -2*x - w + 6. Let p(y) = 3*y**3 - 3*y**2 + 3*y - 3. List the prime factors of p(x).
3, 5
List the prime factors of (-1 + 392)*((-25)/5 - -7).
2, 17, 23
Let t(n) = -n + 2 + 0 - 1. Suppose 3*m - 21 = 3*q, 16*m - 19*m + 5 = 5*q. List the prime factors of t(q).
3
Let d be 1*-47*1*-1. Let s be 12/42 - (3 - (-523)/(-7)). Let b = s - d. What are the prime factors of b?
5
Let c = 31 + 238. List the prime factors of c.
269
Let c = 156 - 140. Suppose 2*j - 4 = 0, 2*a - 178 = 3*j - c. List the prime factors of a.
2, 3, 7
Let i = -1160 + 2684. List the prime factors of i.
2, 3, 127
What are the prime factors of -9*36/(-15)*35?
2, 3, 7
Suppose 3*v + v = 2*q + 8, q = -v + 5. Suppose 0*u + 3*u + 2*c - 324 = 0, -6 = -q*c. What are the prime factors of u?
2, 53
Suppose 64*x - 23241 = 3*x. List the prime factors of x.
3, 127
Let x = -45 - -79. Let s = 17 + x. List the prime factors of s.
3, 17
Suppose 0 = 2*t + t - 4*k - 2681, 5*t + k - 4453 = 0. What are the prime factors of t?
3, 11
Suppose 8 = 4*k - 8. Suppose -5*v = l + 18, 3*l - 26 = -2*l + k*v. Suppose l*w = w + 37. List the prime factors of w.
37
Suppose k + 126 = -3*z, 3*z + z = 2*k + 222. Let o = -77 - k. Suppose -7*u = -3*u - o. List the prime factors of u.
2, 5
What are the prime factors of 280 + 12/10*105/63?
2, 3, 47
Let b = -1035 + 1296. List the prime factors of b.
3, 29
Suppose c + 0*a + 5*a - 3 = 0, -2*c - 3*a + 41 = 0. Suppose 4*h - 12 - 16 = 4*d, c = -4*d + 5*h. Let t(g) = -g**2 - 9*g + 9. What are the prime factors of t(d)?
23
Let u be -10 + -6*(-7)/14. Suppose -10 = 2*o + 3*y, -2*o = -3*o + 5*y + 21. List the prime factors of ((-14)/u)/(o/22).
2, 11
Let u(c) = c**3 - 3*c**2 + 4*c - 2. Let l be u(2). List the pri